{"id":960,"date":"2021-07-05T20:19:56","date_gmt":"2021-07-05T23:19:56","guid":{"rendered":"http:\/\/passarela.carnavalvirtual.com.br\/?page_id=960"},"modified":"2021-11-12T22:56:40","modified_gmt":"2021-11-13T01:56:40","slug":"2021-grupo-acesso-2-academicos-da-tamarineira","status":"publish","type":"page","link":"https:\/\/carnavalvirtual.com.br\/passarela\/2021-grupo-acesso-2-academicos-da-tamarineira\/","title":{"rendered":"\u2014 \u2014 04 \u2013 GRESV Acad\u00eamicos da Tamarineira \u2013 Carnaval Virtual 2021"},"content":{"rendered":"\n[et_pb_section fb_built=&#8221;1&#8243; _builder_version=&#8221;4.10.7&#8243; _module_preset=&#8221;default&#8221; background_image=&#8221;https:\/\/carnavalvirtual.com.br\/passarela\/wp-content\/uploads\/2021\/11\/Arquibancada.gif&#8221; background_size=&#8221;initial&#8221; background_repeat=&#8221;repeat-y&#8221; hover_enabled=&#8221;0&#8243; global_colors_info=&#8221;{}&#8221; title_text=&#8221;Arquibancada&#8221; sticky_enabled=&#8221;0&#8243;][et_pb_row _builder_version=&#8221;4.9.7&#8243; _module_preset=&#8221;default&#8221; global_colors_info=&#8221;{}&#8221;][et_pb_column type=&#8221;4_4&#8243; _builder_version=&#8221;4.9.7&#8243; _module_preset=&#8221;default&#8221; global_colors_info=&#8221;{}&#8221;][et_pb_image src=&#8221;https:\/\/carnavalvirtual.com.br\/passarela\/wp-content\/uploads\/2021\/10\/carro-3.gif&#8221; title_text=&#8221;carro-3&#8243; align=&#8221;center&#8221; force_fullwidth=&#8221;on&#8221; admin_label=&#8221;Imagem&#8221; _builder_version=&#8221;4.10.7&#8243; _module_preset=&#8221;default&#8221; global_colors_info=&#8221;{}&#8221;][\/et_pb_image][et_pb_text admin_label=&#8221;Texto&#8221; _builder_version=&#8221;4.10.7&#8243; _module_preset=&#8221;default&#8221; global_colors_info=&#8221;{}&#8221;]<p style=\"text-align: center\"><b>Alegoria 3<\/b><\/p>\n<p style=\"text-align: center\">O Meu Futuro Est\u00e1 na Luz do que Vir\u00e1!<\/p>[\/et_pb_text][\/et_pb_column][\/et_pb_row][et_pb_row _builder_version=&#8221;4.9.7&#8243; _module_preset=&#8221;default&#8221; global_colors_info=&#8221;{}&#8221;][et_pb_column type=&#8221;4_4&#8243; _builder_version=&#8221;4.9.7&#8243; _module_preset=&#8221;default&#8221; global_colors_info=&#8221;{}&#8221;][et_pb_image src=&#8221;https:\/\/carnavalvirtual.com.br\/passarela\/wp-content\/uploads\/2021\/09\/ala-14-Tem-Milho-no-Remedio-1.jpg&#8221; title_text=&#8221;ala 14 &#8211; Tem Milho no Remedio (1)&#8221; align=&#8221;center&#8221; _builder_version=&#8221;4.9.7&#8243; _module_preset=&#8221;default&#8221; global_colors_info=&#8221;{}&#8221;][\/et_pb_image][et_pb_text admin_label=&#8221;Texto&#8221; _builder_version=&#8221;4.10.7&#8243; _module_preset=&#8221;default&#8221; global_colors_info=&#8221;{}&#8221;]<p style=\"text-align: center\"><b>Ala 14<\/b><\/p>\n<p style=\"text-align: center\">Tem Milho no Rem\u00e9dio<\/p>[\/et_pb_text][\/et_pb_column][\/et_pb_row][et_pb_row _builder_version=&#8221;4.9.7&#8243; _module_preset=&#8221;default&#8221; global_colors_info=&#8221;{}&#8221;][et_pb_column type=&#8221;4_4&#8243; _builder_version=&#8221;4.9.7&#8243; _module_preset=&#8221;default&#8221; global_colors_info=&#8221;{}&#8221;][et_pb_image src=&#8221;https:\/\/carnavalvirtual.com.br\/passarela\/wp-content\/uploads\/2021\/09\/Ala-15.jpg&#8221; title_text=&#8221;Ala 15&#8243; align=&#8221;center&#8221; _builder_version=&#8221;4.9.7&#8243; _module_preset=&#8221;default&#8221; global_colors_info=&#8221;{}&#8221;][\/et_pb_image][et_pb_text admin_label=&#8221;Texto&#8221; _builder_version=&#8221;4.10.7&#8243; _module_preset=&#8221;default&#8221; global_colors_info=&#8221;{}&#8221;]<p style=\"text-align: center\"><b>Ala 13<\/b><\/p>\n<p style=\"text-align: center\">O Milho Combust\u00edvel<\/p>[\/et_pb_text][\/et_pb_column][\/et_pb_row][et_pb_row _builder_version=&#8221;4.9.7&#8243; _module_preset=&#8221;default&#8221; global_colors_info=&#8221;{}&#8221;][et_pb_column type=&#8221;4_4&#8243; _builder_version=&#8221;4.9.7&#8243; _module_preset=&#8221;default&#8221; global_colors_info=&#8221;{}&#8221;][et_pb_image src=&#8221;https:\/\/carnavalvirtual.com.br\/passarela\/wp-content\/uploads\/2021\/09\/ala-13-A-Tia-Louca-do-Tapowere-1.jpg&#8221; title_text=&#8221;ala 13 &#8211; A Tia Louca do Tapowere (1)&#8221; align=&#8221;center&#8221; admin_label=&#8221;Imagem&#8221; _builder_version=&#8221;4.10.7&#8243; _module_preset=&#8221;default&#8221; width=&#8221;88%&#8221; global_colors_info=&#8221;{}&#8221;][\/et_pb_image][et_pb_text admin_label=&#8221;Texto&#8221; _builder_version=&#8221;4.10.7&#8243; _module_preset=&#8221;default&#8221; global_colors_info=&#8221;{}&#8221;]<p style=\"text-align: center\"><b>Ala 12 &#8211; Ala da Diversidade<\/b><\/p>\n<p style=\"text-align: center\">A Tia do &#8220;Tap\u00f4u\u00e9&#8221; na Faxina<\/p>[\/et_pb_text][\/et_pb_column][\/et_pb_row][et_pb_row _builder_version=&#8221;4.9.7&#8243; _module_preset=&#8221;default&#8221; global_colors_info=&#8221;{}&#8221;][et_pb_column type=&#8221;4_4&#8243; _builder_version=&#8221;4.9.7&#8243; _module_preset=&#8221;default&#8221; global_colors_info=&#8221;{}&#8221;][et_pb_image src=&#8221;https:\/\/carnavalvirtual.com.br\/passarela\/wp-content\/uploads\/2021\/09\/ala-12-Criancas-1.jpg&#8221; title_text=&#8221;ala 12 &#8211; Crian\u00e7as (1)&#8221; align=&#8221;center&#8221; _builder_version=&#8221;4.9.7&#8243; _module_preset=&#8221;default&#8221; global_colors_info=&#8221;{}&#8221;][\/et_pb_image][et_pb_text admin_label=&#8221;Texto&#8221; _builder_version=&#8221;4.9.7&#8243; _module_preset=&#8221;default&#8221; global_colors_info=&#8221;{}&#8221;]<p style=\"text-align: center\"><b>Ala 11 &#8211; Ala das Crian\u00e7as<\/b><\/p>\n<p style=\"text-align: center\">Tintas<\/p>[\/et_pb_text][\/et_pb_column][\/et_pb_row][et_pb_row _builder_version=&#8221;4.9.7&#8243; _module_preset=&#8221;default&#8221; global_colors_info=&#8221;{}&#8221;][et_pb_column type=&#8221;4_4&#8243; _builder_version=&#8221;4.9.7&#8243; _module_preset=&#8221;default&#8221; global_colors_info=&#8221;{}&#8221;][et_pb_image src=&#8221;https:\/\/carnavalvirtual.com.br\/passarela\/wp-content\/uploads\/2021\/10\/Tripe-versao-final-2.gif&#8221; title_text=&#8221;Tripe-versao-final-2&#8243; align=&#8221;center&#8221; admin_label=&#8221;Imagem&#8221; _builder_version=&#8221;4.10.7&#8243; _module_preset=&#8221;default&#8221; global_colors_info=&#8221;{}&#8221;][\/et_pb_image][et_pb_text admin_label=&#8221;Texto&#8221; _builder_version=&#8221;4.10.7&#8243; _module_preset=&#8221;default&#8221; global_colors_info=&#8221;{}&#8221;]<p style=\"text-align: center\"><b>Quadrip\u00e9<\/b><\/p>\n<p style=\"text-align: center\">Cine Tamarineira<\/p>[\/et_pb_text][\/et_pb_column][\/et_pb_row][et_pb_row _builder_version=&#8221;4.9.7&#8243; _module_preset=&#8221;default&#8221; global_colors_info=&#8221;{}&#8221;][et_pb_column type=&#8221;4_4&#8243; _builder_version=&#8221;4.9.7&#8243; _module_preset=&#8221;default&#8221; global_colors_info=&#8221;{}&#8221;][et_pb_image src=&#8221;https:\/\/carnavalvirtual.com.br\/passarela\/wp-content\/uploads\/2021\/10\/Ala-10-O-Medo-Jogos-Mortaisav.png&#8221; title_text=&#8221;Ala 10 &#8211; O Medo &#8211; Jogos Mortaisav&#8221; align=&#8221;center&#8221; _builder_version=&#8221;4.10.7&#8243; _module_preset=&#8221;default&#8221; width=&#8221;89%&#8221; global_colors_info=&#8221;{}&#8221;][\/et_pb_image][et_pb_text admin_label=&#8221;Texto&#8221; _builder_version=&#8221;4.10.7&#8243; _module_preset=&#8221;default&#8221; global_colors_info=&#8221;{}&#8221;]<p style=\"text-align: center\"><b>Ala 10<\/b><\/p>\n<p style=\"text-align: center\">O Medo: &#8220;Jogos Mortais&#8221;<\/p>[\/et_pb_text][\/et_pb_column][\/et_pb_row][et_pb_row _builder_version=&#8221;4.9.7&#8243; _module_preset=&#8221;default&#8221; global_colors_info=&#8221;{}&#8221;][et_pb_column type=&#8221;4_4&#8243; _builder_version=&#8221;4.9.7&#8243; _module_preset=&#8221;default&#8221; global_colors_info=&#8221;{}&#8221;][et_pb_image src=&#8221;https:\/\/carnavalvirtual.com.br\/passarela\/wp-content\/uploads\/2021\/10\/Ala-08-O-Choro-A-Vida-e-uma-Festaav-1.png&#8221; title_text=&#8221;Ala 08 &#8211; O Choro &#8211; A Vida \u00e9 uma Festaav (1)&#8221; align=&#8221;center&#8221; _builder_version=&#8221;4.10.7&#8243; _module_preset=&#8221;default&#8221; width=&#8221;89%&#8221; global_colors_info=&#8221;{}&#8221;][\/et_pb_image][et_pb_text admin_label=&#8221;Texto&#8221; _builder_version=&#8221;4.10.7&#8243; _module_preset=&#8221;default&#8221; global_colors_info=&#8221;{}&#8221;]<p style=\"text-align: center\"><b>Ala 9<\/b><\/p>\n<p style=\"text-align: center\">O Choro: &#8220;Viva &#8211; A Vida \u00e9 uma Festa&#8221;<\/p>[\/et_pb_text][\/et_pb_column][\/et_pb_row][et_pb_row _builder_version=&#8221;4.9.7&#8243; _module_preset=&#8221;default&#8221; global_colors_info=&#8221;{}&#8221;][et_pb_column type=&#8221;4_4&#8243; _builder_version=&#8221;4.9.7&#8243; _module_preset=&#8221;default&#8221; global_colors_info=&#8221;{}&#8221;][et_pb_image src=&#8221;https:\/\/carnavalvirtual.com.br\/passarela\/wp-content\/uploads\/2021\/11\/Ala-09-O-riso-Os-miniosav.png&#8221; title_text=&#8221;Ala 09 &#8211; O riso &#8211; Os miniosav&#8221; align=&#8221;center&#8221; _builder_version=&#8221;4.10.7&#8243; _module_preset=&#8221;default&#8221; width=&#8221;85%&#8221; global_colors_info=&#8221;{}&#8221;][\/et_pb_image][et_pb_text admin_label=&#8221;Texto&#8221; _builder_version=&#8221;4.10.7&#8243; _module_preset=&#8221;default&#8221; global_colors_info=&#8221;{}&#8221;]<p style=\"text-align: center\"><b>Ala 8<\/b><\/p>\n<p style=\"text-align: center\">O Riso: &#8220;Os Minions&#8221;<\/p>[\/et_pb_text][\/et_pb_column][\/et_pb_row][et_pb_row _builder_version=&#8221;4.9.7&#8243; _module_preset=&#8221;default&#8221; global_colors_info=&#8221;{}&#8221;][et_pb_column type=&#8221;4_4&#8243; _builder_version=&#8221;4.9.7&#8243; _module_preset=&#8221;default&#8221; global_colors_info=&#8221;{}&#8221;][et_pb_image src=&#8221;https:\/\/carnavalvirtual.com.br\/passarela\/wp-content\/uploads\/2021\/09\/ala-07-Pipoqueiro-cinema.png&#8221; title_text=&#8221;ala-07&#8212;Pipoqueiro-cinema&#8221; align=&#8221;center&#8221; _builder_version=&#8221;4.10.7&#8243; _module_preset=&#8221;default&#8221; width=&#8221;88%&#8221; global_colors_info=&#8221;{}&#8221;][\/et_pb_image][et_pb_text admin_label=&#8221;Texto&#8221; _builder_version=&#8221;4.10.7&#8243; _module_preset=&#8221;default&#8221; global_colors_info=&#8221;{}&#8221;]<p style=\"text-align: center\"><b>Ala 7<\/b><\/p>\n<p style=\"text-align: center\">No Escurinho do Cinema<\/p>[\/et_pb_text][\/et_pb_column][\/et_pb_row][et_pb_row _builder_version=&#8221;4.9.7&#8243; _module_preset=&#8221;default&#8221; global_colors_info=&#8221;{}&#8221;][et_pb_column type=&#8221;4_4&#8243; _builder_version=&#8221;4.9.7&#8243; _module_preset=&#8221;default&#8221; global_colors_info=&#8221;{}&#8221;][et_pb_image src=&#8221;https:\/\/carnavalvirtual.com.br\/passarela\/wp-content\/uploads\/2021\/10\/CARRO-02-FESTA-JUNINA.gif&#8221; title_text=&#8221;CARRO-02&#8212;FESTA-JUNINA&#8221; align=&#8221;center&#8221; force_fullwidth=&#8221;on&#8221; _builder_version=&#8221;4.10.7&#8243; _module_preset=&#8221;default&#8221; global_colors_info=&#8221;{}&#8221;][\/et_pb_image][et_pb_text admin_label=&#8221;Texto&#8221; _builder_version=&#8221;4.10.7&#8243; _module_preset=&#8221;default&#8221; global_colors_info=&#8221;{}&#8221;]<p style=\"text-align: center\"><b>Alegoria 2<\/b><\/p>\n<p style=\"text-align: center\">Viva S\u00e3o Pedro, Santo Ant\u00f4nio e S\u00e3o Jo\u00e3o!<\/p>[\/et_pb_text][\/et_pb_column][\/et_pb_row][et_pb_row _builder_version=&#8221;4.9.7&#8243; _module_preset=&#8221;default&#8221; global_colors_info=&#8221;{}&#8221;][et_pb_column type=&#8221;4_4&#8243; _builder_version=&#8221;4.9.7&#8243; _module_preset=&#8221;default&#8221; global_colors_info=&#8221;{}&#8221;][et_pb_image src=&#8221;https:\/\/carnavalvirtual.com.br\/passarela\/wp-content\/uploads\/2021\/09\/Casal-MS-e-PB-Tamarineira.png&#8221; title_text=&#8221;Casal MS e PB Tamarineira&#8221; align=&#8221;center&#8221; _builder_version=&#8221;4.10.7&#8243; _module_preset=&#8221;default&#8221; width=&#8221;93%&#8221; global_colors_info=&#8221;{}&#8221;][\/et_pb_image][et_pb_text admin_label=&#8221;Texto&#8221; _builder_version=&#8221;4.10.7&#8243; _module_preset=&#8221;default&#8221; global_colors_info=&#8221;{}&#8221;]<p style=\"text-align: center\"><b>1o Casal de Mestre Sala e Porta Bandeira<\/b><\/p>\n<p style=\"text-align: center\">Os Noivos da Festa Junina<\/p>[\/et_pb_text][\/et_pb_column][\/et_pb_row][et_pb_row _builder_version=&#8221;4.9.7&#8243; _module_preset=&#8221;default&#8221; global_colors_info=&#8221;{}&#8221;][et_pb_column type=&#8221;4_4&#8243; _builder_version=&#8221;4.9.7&#8243; _module_preset=&#8221;default&#8221; global_colors_info=&#8221;{}&#8221;][et_pb_image src=&#8221;https:\/\/carnavalvirtual.com.br\/passarela\/wp-content\/uploads\/2021\/09\/Ala-06-Velha-Guarda.jpg&#8221; title_text=&#8221;Ala-06&#8212;Velha-Guarda&#8221; align=&#8221;center&#8221; force_fullwidth=&#8221;on&#8221; _builder_version=&#8221;4.10.7&#8243; _module_preset=&#8221;default&#8221; global_colors_info=&#8221;{}&#8221;][\/et_pb_image][et_pb_text admin_label=&#8221;Texto&#8221; _builder_version=&#8221;4.10.7&#8243; _module_preset=&#8221;default&#8221; global_colors_info=&#8221;{}&#8221;]<p style=\"text-align: center\"><b>Ala 6 &#8211; Velha Guarda<\/b><\/p>\n<p style=\"text-align: center\">\u00c9 Festa Junina!<\/p>[\/et_pb_text][\/et_pb_column][\/et_pb_row][et_pb_row _builder_version=&#8221;4.9.7&#8243; _module_preset=&#8221;default&#8221; global_colors_info=&#8221;{}&#8221;][et_pb_column type=&#8221;4_4&#8243; _builder_version=&#8221;4.9.7&#8243; _module_preset=&#8221;default&#8221; global_colors_info=&#8221;{}&#8221;][et_pb_image src=&#8221;https:\/\/carnavalvirtual.com.br\/passarela\/wp-content\/uploads\/2021\/11\/ala-02-Baianas-1av.png&#8221; title_text=&#8221;ala 02 &#8211; Baianas (1)av&#8221; align=&#8221;center&#8221; force_fullwidth=&#8221;on&#8221; _builder_version=&#8221;4.10.7&#8243; _module_preset=&#8221;default&#8221; global_colors_info=&#8221;{}&#8221;][\/et_pb_image][et_pb_text admin_label=&#8221;Texto&#8221; _builder_version=&#8221;4.10.7&#8243; _module_preset=&#8221;default&#8221; global_colors_info=&#8221;{}&#8221;]<p style=\"text-align: center\"><b>Ala 5 &#8211; Ala das Baianas<\/b><\/p>\n<p style=\"text-align: center\">Del\u00edcias da Vov\u00f3<\/p>[\/et_pb_text][\/et_pb_column][\/et_pb_row][et_pb_row _builder_version=&#8221;4.9.7&#8243; _module_preset=&#8221;default&#8221; global_colors_info=&#8221;{}&#8221;][et_pb_column type=&#8221;4_4&#8243; _builder_version=&#8221;4.9.7&#8243; _module_preset=&#8221;default&#8221; global_colors_info=&#8221;{}&#8221;][et_pb_image src=&#8221;https:\/\/carnavalvirtual.com.br\/passarela\/wp-content\/uploads\/2021\/09\/ala-03-Passistas-1.png&#8221; title_text=&#8221;ala 03 &#8211; Passistas (1)&#8221; align=&#8221;center&#8221; _builder_version=&#8221;4.9.7&#8243; _module_preset=&#8221;default&#8221; global_colors_info=&#8221;{}&#8221;][\/et_pb_image][et_pb_text admin_label=&#8221;Texto&#8221; _builder_version=&#8221;4.10.7&#8243; _module_preset=&#8221;default&#8221; global_colors_info=&#8221;{}&#8221;]<p style=\"text-align: center\"><b>Ala 4 &#8211; Ala das Passistas<\/b><\/p>\n<p style=\"text-align: center\">A Vida \u00e9 Doce!<\/p>[\/et_pb_text][\/et_pb_column][\/et_pb_row][et_pb_row _builder_version=&#8221;4.9.7&#8243; _module_preset=&#8221;default&#8221; global_colors_info=&#8221;{}&#8221;][et_pb_column type=&#8221;4_4&#8243; _builder_version=&#8221;4.9.7&#8243; _module_preset=&#8221;default&#8221; global_colors_info=&#8221;{}&#8221;][et_pb_image src=&#8221;https:\/\/carnavalvirtual.com.br\/passarela\/wp-content\/uploads\/2021\/09\/ala-05-Racao-Animal.jpg&#8221; title_text=&#8221;ala-05&#8212;Ra\u00e7\u00e3o-Animal&#8221; align=&#8221;center&#8221; force_fullwidth=&#8221;on&#8221; _builder_version=&#8221;4.10.7&#8243; _module_preset=&#8221;default&#8221; global_colors_info=&#8221;{}&#8221;][\/et_pb_image][et_pb_text admin_label=&#8221;Texto&#8221; _builder_version=&#8221;4.10.7&#8243; _module_preset=&#8221;default&#8221; global_colors_info=&#8221;{}&#8221;]<p style=\"text-align: center\"><b>Ala 3<\/b><\/p>\n<p style=\"text-align: center\">Ra\u00e7\u00e3o Animal<\/p>\n<p style=\"text-align: center\">[\/et_pb_text][\/et_pb_column][\/et_pb_row][et_pb_row _builder_version=&#8221;4.9.7&#8243; _module_preset=&#8221;default&#8221; global_colors_info=&#8221;{}&#8221;][et_pb_column type=&#8221;4_4&#8243; _builder_version=&#8221;4.9.7&#8243; _module_preset=&#8221;default&#8221; global_colors_info=&#8221;{}&#8221;][et_pb_image src=&#8221;https:\/\/carnavalvirtual.com.br\/passarela\/wp-content\/uploads\/2021\/10\/Ala-04-Bateria-v2.gif&#8221; title_text=&#8221;Ala-04&#8212;Bateria-v2&#8243; align=&#8221;center&#8221; _builder_version=&#8221;4.10.7&#8243; _module_preset=&#8221;default&#8221; width=&#8221;90%&#8221; max_width=&#8221;100%&#8221; global_colors_info=&#8221;{}&#8221;][\/et_pb_image][et_pb_text admin_label=&#8221;Texto&#8221; _builder_version=&#8221;4.10.7&#8243; _module_preset=&#8221;default&#8221; global_colors_info=&#8221;{}&#8221;]<p style=\"text-align: center\"><b>Ala 2 &#8211; Bateria<\/b><\/p>\n<p style=\"text-align: center\">Corn Flakes: A Energia que Contagia<\/p>\n<p style=\"text-align: center\"><b>Rainha de Bateria<\/b><\/p>\n<p style=\"text-align: center\">O Sol da Manh\u00e3<\/p>[\/et_pb_text][\/et_pb_column][\/et_pb_row][et_pb_row admin_label=&#8221;Linha&#8221; _builder_version=&#8221;4.9.7&#8243; _module_preset=&#8221;default&#8221; global_colors_info=&#8221;{}&#8221;][et_pb_column type=&#8221;4_4&#8243; _builder_version=&#8221;4.9.7&#8243; _module_preset=&#8221;default&#8221; global_colors_info=&#8221;{}&#8221;][et_pb_image src=&#8221;https:\/\/carnavalvirtual.com.br\/passarela\/wp-content\/uploads\/2021\/10\/carro-1.gif&#8221; title_text=&#8221;carro-1&#8243; align=&#8221;center&#8221; force_fullwidth=&#8221;on&#8221; _builder_version=&#8221;4.10.7&#8243; _module_preset=&#8221;default&#8221; global_colors_info=&#8221;{}&#8221;][\/et_pb_image][et_pb_text admin_label=&#8221;Texto&#8221; _builder_version=&#8221;4.10.7&#8243; _module_preset=&#8221;default&#8221; global_colors_info=&#8221;{}&#8221;]<p style=\"text-align: center\"><b>Alegoria 1 &#8211; Abre Alas<\/b><\/p>\n<p style=\"text-align: center\">A Cria\u00e7\u00e3o Definitiva &#8211; Homens\u00a0 de Milho<\/p>[\/et_pb_text][\/et_pb_column][\/et_pb_row][et_pb_row _builder_version=&#8221;4.9.7&#8243; _module_preset=&#8221;default&#8221; collapsed=&#8221;off&#8221; global_colors_info=&#8221;{}&#8221;][et_pb_column type=&#8221;4_4&#8243; _builder_version=&#8221;4.9.7&#8243; _module_preset=&#8221;default&#8221; global_colors_info=&#8221;{}&#8221;][et_pb_image src=&#8221;https:\/\/carnavalvirtual.com.br\/passarela\/wp-content\/uploads\/2021\/09\/Ala-01.png&#8221; title_text=&#8221;Ala 01&#8243; align=&#8221;center&#8221; _builder_version=&#8221;4.10.7&#8243; _module_preset=&#8221;default&#8221; width=&#8221;88%&#8221; global_colors_info=&#8221;{}&#8221;][\/et_pb_image][et_pb_text _builder_version=&#8221;4.10.7&#8243; _module_preset=&#8221;default&#8221; global_colors_info=&#8221;{}&#8221;]<p style=\"text-align: center\"><strong>Ala 1<\/strong><\/p>\n<p style=\"text-align: center\">Primeiras Tentativas &#8211; Homens de Lama e de Madeira<\/p>[\/et_pb_text][\/et_pb_column][\/et_pb_row][et_pb_row _builder_version=&#8221;4.9.7&#8243; _module_preset=&#8221;default&#8221; global_colors_info=&#8221;{}&#8221;][et_pb_column type=&#8221;4_4&#8243; _builder_version=&#8221;4.9.7&#8243; _module_preset=&#8221;default&#8221; global_colors_info=&#8221;{}&#8221;][et_pb_image src=&#8221;https:\/\/carnavalvirtual.com.br\/passarela\/wp-content\/uploads\/2021\/09\/Comissao.jpg&#8221; title_text=&#8221;Comiss\u00e3o&#8221; align=&#8221;center&#8221; _builder_version=&#8221;4.10.7&#8243; _module_preset=&#8221;default&#8221; global_colors_info=&#8221;{}&#8221;][\/et_pb_image][et_pb_text admin_label=&#8221;Texto&#8221; _builder_version=&#8221;4.10.7&#8243; _module_preset=&#8221;default&#8221; global_colors_info=&#8221;{}&#8221;]<p style=\"text-align: center\"><strong>Comiss\u00e3o de Frente<\/strong><br \/>A Cria\u00e7\u00e3o &#8211; Vida que Irradia Neste Ch\u00e3o &#8211; As Plantas<\/p>\n<div id=\"gtx-trans\">\n<div class=\"gtx-trans-icon\"><\/div>\n<\/div>[\/et_pb_text][\/et_pb_column][\/et_pb_row][et_pb_row _builder_version=&#8221;4.10.7&#8243; _module_preset=&#8221;default&#8221; global_colors_info=&#8221;{}&#8221;][et_pb_column type=&#8221;4_4&#8243; _builder_version=&#8221;4.10.7&#8243; _module_preset=&#8221;default&#8221; global_colors_info=&#8221;{}&#8221;][et_pb_image src=&#8221;https:\/\/carnavalvirtual.com.br\/passarela\/wp-content\/uploads\/2021\/11\/04-Tamarineira.gif&#8221; title_text=&#8221;04 &#8211; Tamarineira&#8221; align=&#8221;center&#8221; _builder_version=&#8221;4.10.7&#8243; _module_preset=&#8221;default&#8221; global_colors_info=&#8221;{}&#8221;][\/et_pb_image][\/et_pb_column][\/et_pb_row][et_pb_row _builder_version=&#8221;4.10.7&#8243; _module_preset=&#8221;default&#8221; global_colors_info=&#8221;{}&#8221;][et_pb_column type=&#8221;4_4&#8243; _builder_version=&#8221;4.10.7&#8243; _module_preset=&#8221;default&#8221; global_colors_info=&#8221;{}&#8221;][et_pb_image src=&#8221;https:\/\/carnavalvirtual.com.br\/passarela\/wp-content\/uploads\/2021\/11\/organograma.png&#8221; title_text=&#8221;organograma&#8221; url=&#8221;https:\/\/drive.google.com\/file\/d\/1l_XuEYHBOBTZNUsxxBuZDyVXpvSCZlRg\/view?usp=sharing&#8221; url_new_window=&#8221;on&#8221; align=&#8221;center&#8221; _builder_version=&#8221;4.10.7&#8243; _module_preset=&#8221;default&#8221; global_colors_info=&#8221;{}&#8221;][\/et_pb_image][\/et_pb_column][\/et_pb_row][et_pb_row _builder_version=&#8221;4.10.7&#8243; _module_preset=&#8221;default&#8221; global_colors_info=&#8221;{}&#8221;][et_pb_column type=&#8221;4_4&#8243; _builder_version=&#8221;4.10.7&#8243; _module_preset=&#8221;default&#8221; global_colors_info=&#8221;{}&#8221;][et_pb_image src=&#8221;https:\/\/carnavalvirtual.com.br\/passarela\/wp-content\/uploads\/2021\/11\/ARQUIBANCADA-VIR.png&#8221; title_text=&#8221;ARQUIBANCADA VIR&#8221; url=&#8221;https:\/\/chat.whatsapp.com\/DlEY0gXQfdPHoNJonAb2I2%20&#8243; url_new_window=&#8221;on&#8221; align=&#8221;center&#8221; _builder_version=&#8221;4.10.7&#8243; _module_preset=&#8221;default&#8221; global_colors_info=&#8221;{}&#8221;][\/et_pb_image][\/et_pb_column][\/et_pb_row][\/et_pb_section]\n","protected":false},"excerpt":{"rendered":"<p>Alegoria 3 O Meu Futuro Est\u00e1 na Luz do que Vir\u00e1!Ala 14 Tem Milho no Rem\u00e9dioAla 13 O Milho Combust\u00edvelAla 12 &#8211; Ala da Diversidade A Tia do &#8220;Tap\u00f4u\u00e9&#8221; na FaxinaAla 11 &#8211; Ala das Crian\u00e7as TintasQuadrip\u00e9 Cine TamarineiraAla 10 O Medo: &#8220;Jogos Mortais&#8221;Ala 9 O Choro: &#8220;Viva &#8211; A Vida \u00e9 uma Festa&#8221;Ala 8 [&hellip;]<\/p>\n","protected":false},"author":74,"featured_media":0,"parent":0,"menu_order":0,"comment_status":"closed","ping_status":"closed","template":"","meta":{"_et_pb_use_builder":"on","_et_pb_old_content":"","_et_gb_content_width":""},"_links":{"self":[{"href":"https:\/\/carnavalvirtual.com.br\/passarela\/wp-json\/wp\/v2\/pages\/960"}],"collection":[{"href":"https:\/\/carnavalvirtual.com.br\/passarela\/wp-json\/wp\/v2\/pages"}],"about":[{"href":"https:\/\/carnavalvirtual.com.br\/passarela\/wp-json\/wp\/v2\/types\/page"}],"author":[{"embeddable":true,"href":"https:\/\/carnavalvirtual.com.br\/passarela\/wp-json\/wp\/v2\/users\/74"}],"replies":[{"embeddable":true,"href":"https:\/\/carnavalvirtual.com.br\/passarela\/wp-json\/wp\/v2\/comments?post=960"}],"version-history":[{"count":134,"href":"https:\/\/carnavalvirtual.com.br\/passarela\/wp-json\/wp\/v2\/pages\/960\/revisions"}],"predecessor-version":[{"id":5507,"href":"https:\/\/carnavalvirtual.com.br\/passarela\/wp-json\/wp\/v2\/pages\/960\/revisions\/5507"}],"wp:attachment":[{"href":"https:\/\/carnavalvirtual.com.br\/passarela\/wp-json\/wp\/v2\/media?parent=960"}],"curies":[{"name":"wp","href":"https:\/\/api.w.org\/{rel}","templated":true}]}}